2 + 5/(-2)). Suppose 3*t = 3*x + 6*t - 1317, -w*t - 1310 = -3*x. Suppose 0*f + 3*f = x. Is f a composite number?
True
Suppose 0*y - 124029 = -9*y. Suppose -2334 = -5*b + y. Is b composite?
True
Suppose -t + 4400 = 4*o - 910, -o = 2*t - 10627. Is t a prime number?
False
Let h(a) = -a**3 - 4*a**2 + 2*a - 1. Let v be h(-5). Let j(i) = -i**2 + 5*i + 2. Let o be j(5). Is v*o/((-12)/(-51)) a prime number?
False
Let c = 22 - 20. Let b = c - -110. Suppose 3*o + b = r, 0 = -r + 2*o - 22 + 133. Is r a composite number?
False
Let t(s) = -2*s**2 + s + 3. Suppose f - 9 = -2*l, -f + 3 = -4*l + 12. Let x be t(f). Is 2/8 - 2133/x a composite number?
True
Suppose -21*i + 1978577 + 1067116 = 0. Is i prime?
False
Let p = 2 + 0. Suppose -5*u = -p*u - 738. Suppose -5*m = d - 135 - u, 5*m = 3*d - 1103. Is d a prime number?
False
Suppose 3*w + 3*w = 2562. Let d = -250 + w. Is d prime?
False
Suppose 5*y = -2*i - 45, -7*y - 29 = -3*y + 3*i. Is 2 + 55 + (y - -9) a composite number?
True
Suppose 5*y - 2650 + 386 = 3*v, 4*y - v = 1807. Is y prime?
False
Suppose -1583712 - 111583 = -35*i. Is i composite?
False
Let o(b) = -2*b**3 - 7*b**2 + 3*b - 9. Is o(-13) a composite number?
False
Suppose a - 1530 = 6*a. Let x be ((-38)/57)/((-2)/a). Let j = x - -581. Is j composite?
False
Let l = -15 - -12. Let t be (14 - l/(-1)) + -4. Is t*14 - (-11 + 12) prime?
True
Suppose 5*b - 7281 + 1426 = 3*k, -4 = 2*b. Let t(w) = -1047*w - 15. Let r be t(-3). Let a = k + r. Is a a prime number?
True
Suppose -5 - 1 = -s. Let r = 0 - s. Is r/(-33) + 8686/22 a prime number?
False
Suppose -3*t = 5*x + 1325, t + 2*x = -x - 435. Let o = 2384 + t. Is o a prime number?
False
Suppose o - 3*o - 11164 = -5*f, -4*o + 12 = 0. Is f composite?
True
Let u(i) = 5*i**3 + 10*i**2 + i + 7. Let t(f) = f + 3. Let g be t(-7). Let v be ((-10)/4)/(g/8). Is u(v) composite?
False
Let c(a) = -8*a + 5*a + 0*a + 13 + 6*a**2. Is c(-6) composite?
True
Suppose -16 = -4*s, -4*n - 5*s = -5*n - 23. Let o(h) = -349*h + 8. Is o(n) prime?
False
Let y(f) be the third derivative of -f**7/280 + f**6/60 - f**5/40 + f**4/24 - f**3/6 - 12*f**2. Let r(x) be the first derivative of y(x). Is r(-5) composite?
False
Let o be (1 - (-2 + 292)) + 1. Let j = o + 494. Suppose -4*v + 2*v = -j. Is v composite?
False
Let k = 17 + -354. Suppose -v - 630 = -0*v. Let z = k - v. Is z composite?
False
Let q = 10 - 6. Is q*(26/65 - (-162)/20) prime?
False
Let p = 12900 + -6883. Is p a prime number?
False
Suppose 40*f = 36*f + 844. Is f composite?
False
Suppose -28*o + 15638 = -14*o. Is o prime?
True
Suppose -3*y + 4 = 13. Let h be 0 + (-3 - -44) - y. Let s = 297 - h. Is s a composite number?
True
Suppose -7*l = -0*l + 140. Is (-1 + (-15)/l)*2*-5482 composite?
False
Suppose 1 + 1 = m. Suppose -m*b + 4*b - 206 = 0. Is 8/20 + b/5 prime?
False
Suppose 3*a - 2931 = -3*g, -4 = -7*a + 9*a. Is g a composite number?
True
Let w(r) = -1001*r**3 - 2*r**2 + r + 2. Let l be w(-1). Suppose i + 4*c - 249 = 5*c, -4*i + 3*c = -l. Let d = i - 140. Is d composite?
False
Let u(b) = -48*b**3 - 2*b**2 + 2. Let z be u(2). Let k(y) = -y**3 + 4*y**2 + 2*y - 6. Let s be k(7). Let w = s - z. Is w a prime number?
True
Let l(j) = -147*j**3 + 5*j**2 + 3*j + 14. Is l(-5) a prime number?
False
Let u(t) = 4 + 0*t**3 - 2*t + t**3 + 10*t**2 + 2*t. Let d be u(-10). Suppose -27 = -d*l + 177. Is l prime?
False
Suppose 0 = -2*n - 5*b + 3161, -2*n - 4*b = -0*n - 3162. Is n a prime number?
True
Let n = 296 - 59. Suppose 4*c - 4*w = -w + n, -2*c + w = -119. Suppose 0 = -f + 9 + c. Is f a prime number?
False
Let f be 18/(-7) - 42/98. Let k be f - 1 - (-40)/10. Suppose -p + 5*p - 9148 = k. Is p a prime number?
True
Let u = -15 + 9. Let z(k) be the second derivative of -3*k**5/10 - 11*k**4/12 + k**3/6 - 7*k**2/2 - 23*k. Is z(u) prime?
True
Let v(w) = -w + 8. Let d be v(9). Let p be ((2 - 2)/2)/d. Suppose 0*x + 2*x - 70 = p. Is x a prime number?
False
Let h = 2381 + -1578. Is h prime?
False
Suppose -3*d + 5*m = -3, 2*m = 3*d - 0*m - 3. Suppose 0 = -5*g - 4 - d, 0 = 2*q - 4*g - 330. Is q prime?
True
Let s(a) = 13*a + 48. Let n(k) = 6*k + 24. Let b(o) = -9*n(o) + 4*s(o). Let y be b(-10). Let m(q) = -259*q + 13. Is m(y) prime?
True
Suppose 8*i = -9*i + 181679. Is i a prime number?
True
Let b(x) = 14*x**3 + x**2 - 3*x - 7. Let y(q) = 43*q**3 + 3*q**2 - 8*q - 21. Let m(i) = -11*b(i) + 4*y(i). Is m(3) prime?
True
Let v = -27 - -23. Is (-7 + 4 - v)*251 a prime number?
True
Let f(j) = -567*j**3 - j**2 - 4*j - 5. Suppose p - 25 + 27 = 0. Is f(p) a prime number?
False
Let a = 5854 - -3573. Is a a composite number?
True
Suppose y - 75 = -5*t, 2*t - 3*y - 32 = -2. Let f = t + -12. Suppose r + 2*i + 1441 = 6*r, 0 = -f*r - 2*i + 871. Is r composite?
True
Let p(s) = 51*s**2 - 19*s - 17. Is p(8) prime?
False
Suppose -85*j + 39730 = -75*j. Is j prime?
False
Suppose -2*y + 15211 = 3*i, -i + 3168 = 2*y - 1905. Is i prime?
False
Suppose 5*u - 10809 = -2159. Suppose -u = c + 4*c. Let s = c - -569. Is s composite?
False
Let y(l) = -2*l**2 - 7*l - 2. Let w be y(-2). Let g(r) be the second derivative of r**4/6 - 2*r**3/3 + 3*r**2/2 + r. Is g(w) prime?
True
Let r(c) = -4*c**3 + 20*c**2 + 30*c + 8. Is r(-15) a composite number?
True
Suppose -142*f + 140*f + 9662 = 0. Is f a composite number?
False
Let j = 6505 - 2822. Is j composite?
True
Let k = 212 + -57. Suppose 207 + k = 2*z. Is z a prime number?
True
Let o(c) = -c**3 - 5*c**2 + 5*c - 9. Let n = -16 - -10. Let g be o(n). Is g - -194*(1 + 0) composite?
False
Is (((-19)/2)/19)/((-2)/16364) a composite number?
False
Let a = 54 + -58. Is (-5)/((-60)/(-36376))*6/a a prime number?
True
Let b(c) = c**2 - 12*c - 18. Let n be b(15). Is (n + 2)/(-4 + (-154)/(-38)) a composite number?
True
Let r(a) = -a - 4. Let k(y) = -y**3 - 10*y**2 - 7*y + 13. Let z be k(-9). Let p be r(z). Is p/(3/6)*13 a prime number?
False
Let z be 5/(-10)*-14 + -3. Suppose 7*p = z*p + 1905. Is p prime?
False
Let l(k) = -k**3 - 17*k**2 + 18*k + 12. Let s be l(-18). Let t(v) = -v**3 + 14*v**2 - 3*v + 13. Is t(s) prime?
False
Let h(d) = 96*d**2 + 5*d + 23. Is h(4) a composite number?
False
Suppose -7 = 4*f - 5*f. Suppose -f*u + 2559 = -4*u. Is u composite?
False
Suppose -29*u - 10*u = -768027. Is u a prime number?
False
Suppose -114*r + 1152958 = -76*r. Is r composite?
False
Let g be 5*9 + 3 + -3. Let w = -94 + 98. Suppose -w*j = -j - g. Is j prime?
False
Suppose 4 = g, -4*g = -y - 0*g + 19837. Is y prime?
True
Let l(r) = -2077*r - 57. Is l(-28) prime?
True
Suppose -14*g + 6*g = 552. Suppose 0*d + 332 = 2*d. Let q = d + g. Is q a prime number?
True
Let d = -121 - -102. Let j(k) = -k**3 - 17*k**2 - 12*k + 29. Is j(d) a prime number?
False
Let h = 346 + 4515. Is h prime?
True
Is 50236/32 + -9 - 1/(-8) composite?
True
Let o = -114 - -117. Suppose 8673 = o*z + x + x, z + 3*x = 2884. Is z composite?
True
Let f(r) = 6*r + 68. Let b be f(-11). Suppose -3*t + 6149 = b*z, -2*t + 2*z + 4092 = 7*z. Is t composite?
True
Let l(g) = 2*g**2 + 4*g - 5. Let x(n) = -2*n - 4. Let a be x(-7). Is l(a) prime?
False
Suppose 3*h + 0*h = -5*d + 20, 2*d = -4. Let w(v) = 108*v + 7. Is w(h) a composite number?
False
Is 0 - (3 + 2 + -2212) prime?
True
Suppose -4*l + 2*l = -8. Let j be 0*l/(7 - -1). Let w(k) = -k**3 + k**2 + 2*k + 46. Is w(j) composite?
True
Suppose -t + 3 = 2*t. Is 8467/9 + -4*t/(-18) a prime number?
True
Is (-4162 - 0)*(8 - (-92)/(-8)) a composite number?
True
Suppose 0 = -5*z + z + 5408. Let c = 2480 - z. Suppose n = -0*n - 3, -3*i = n - c. Is i a composite number?
True
Suppose 2*c - 41974 = -4*s, 10*c - 31470 = -3*s + 5*c. Is s prime?
False
Let z(s) = -5820*s**2 - s**3 - 17*s + 5837*s**2 - 12 - 3. Suppose 28 = 2*k - 0*k. Is z(k) a composite number?
True
Let f = -512 - -760. Let j be -22*3/6 - 0. Let m = f - j. Is m a composite number?
True
Let j = 1359 - -1668. Is j a prime number?
False
Suppose 0 = 12*x - 195824 - 19684. Is x a composite number?
False
Is (-3)/2*5006/(-3) a prime number?
True
Let g(h) = -h - 20. Let n be g(6). Let a = -21 - n. Suppose -3*u = -2*f - 0*f - 1001, -a*u + 1665 = -4*f. Is u a prime number?
True
Suppose -2*f + 3 = -5, 2*h + f - 75906 = 0. Is h prime?
True
Let z(b) = 22*b**2 + 38*b - 13. Is z(11) a prime number?
True
Let a(m) = 5*m**2 + m - 9. Let o be 19/2 - 1/(-2). Suppose 2*t - 4*t + o = 0